[INFO] cloning repository https://github.com/Lolirofle/tabbed_text_to_html
[INFO] running `Command { std: "git" "-c" "credential.helper=" "-c" "credential.helper=/workspace/cargo-home/bin/git-credential-null" "clone" "--bare" "https://github.com/Lolirofle/tabbed_text_to_html" "/workspace/cache/git-repos/https%3A%2F%2Fgithub.com%2FLolirofle%2Ftabbed_text_to_html", kill_on_drop: false }`
[INFO] [stderr] Cloning into bare repository '/workspace/cache/git-repos/https%3A%2F%2Fgithub.com%2FLolirofle%2Ftabbed_text_to_html'...
[INFO] running `Command { std: "git" "rev-parse" "HEAD", kill_on_drop: false }`
[INFO] [stdout] a6b7f72cdb1cd3b695e96f56aa06b5dbd061f164
[INFO] checking Lolirofle/tabbed_text_to_html against try#72f88fc4e9458f89516a0b8b0868f3718aec5b47 for pr-74989
[INFO] running `Command { std: "git" "clone" "/workspace/cache/git-repos/https%3A%2F%2Fgithub.com%2FLolirofle%2Ftabbed_text_to_html" "/workspace/builds/worker-14/source", kill_on_drop: false }`
[INFO] [stderr] Cloning into '/workspace/builds/worker-14/source'...
[INFO] [stderr] done.
[INFO] validating manifest of git repo https://github.com/Lolirofle/tabbed_text_to_html on toolchain 72f88fc4e9458f89516a0b8b0868f3718aec5b47
[INFO] running `Command { std: "/workspace/cargo-home/bin/cargo" "+72f88fc4e9458f89516a0b8b0868f3718aec5b47" "read-manifest" "--manifest-path" "Cargo.toml", kill_on_drop: false }`
[INFO] started tweaking git repo https://github.com/Lolirofle/tabbed_text_to_html
[INFO] finished tweaking git repo https://github.com/Lolirofle/tabbed_text_to_html
[INFO] tweaked toml for git repo https://github.com/Lolirofle/tabbed_text_to_html written to /workspace/builds/worker-14/source/Cargo.toml
[INFO] crate git repo https://github.com/Lolirofle/tabbed_text_to_html already has a lockfile, it will not be regenerated
[INFO] running `Command { std: "/workspace/cargo-home/bin/cargo" "+72f88fc4e9458f89516a0b8b0868f3718aec5b47" "fetch" "--locked" "--manifest-path" "Cargo.toml", kill_on_drop: false }`
[INFO] [stderr]  Downloading crates ...
[INFO] [stderr]   Downloaded structopt-derive v0.1.4
[INFO] [stderr]   Downloaded structopt v0.1.4
[INFO] running `Command { std: "docker" "create" "-v" "/var/lib/crater-agent-workspace/builds/worker-14/target:/opt/rustwide/target:rw,Z" "-v" "/var/lib/crater-agent-workspace/builds/worker-14/source:/opt/rustwide/workdir:ro,Z" "-v" "/var/lib/crater-agent-workspace/cargo-home:/opt/rustwide/cargo-home:ro,Z" "-v" "/var/lib/crater-agent-workspace/rustup-home:/opt/rustwide/rustup-home:ro,Z" "-e" "SOURCE_DIR=/opt/rustwide/workdir" "-e" "CARGO_TARGET_DIR=/opt/rustwide/target" "-e" "CARGO_HOME=/opt/rustwide/cargo-home" "-e" "RUSTUP_HOME=/opt/rustwide/rustup-home" "-w" "/opt/rustwide/workdir" "-m" "1610612736" "--user" "0:0" "--network" "none" "rustops/crates-build-env@sha256:d92eaeed33fa75130ca1ee6c8a01d1ffb62bac859dfdfb3450e3e5d1c0146529" "/opt/rustwide/cargo-home/bin/cargo" "+72f88fc4e9458f89516a0b8b0868f3718aec5b47" "metadata" "--no-deps" "--format-version=1", kill_on_drop: false }`
[INFO] [stdout] c100010770ae78c76f057324a79c07a8a072bb90576296d90d73e8e082823baf
[INFO] [stderr] WARNING: Your kernel does not support swap limit capabilities or the cgroup is not mounted. Memory limited without swap.
[INFO] running `Command { std: "docker" "start" "-a" "c100010770ae78c76f057324a79c07a8a072bb90576296d90d73e8e082823baf", kill_on_drop: false }`
[INFO] running `Command { std: "docker" "inspect" "c100010770ae78c76f057324a79c07a8a072bb90576296d90d73e8e082823baf", kill_on_drop: false }`
[INFO] running `Command { std: "docker" "rm" "-f" "c100010770ae78c76f057324a79c07a8a072bb90576296d90d73e8e082823baf", kill_on_drop: false }`
[INFO] [stdout] c100010770ae78c76f057324a79c07a8a072bb90576296d90d73e8e082823baf
[INFO] running `Command { std: "docker" "create" "-v" "/var/lib/crater-agent-workspace/builds/worker-14/target:/opt/rustwide/target:rw,Z" "-v" "/var/lib/crater-agent-workspace/builds/worker-14/source:/opt/rustwide/workdir:ro,Z" "-v" "/var/lib/crater-agent-workspace/cargo-home:/opt/rustwide/cargo-home:ro,Z" "-v" "/var/lib/crater-agent-workspace/rustup-home:/opt/rustwide/rustup-home:ro,Z" "-e" "SOURCE_DIR=/opt/rustwide/workdir" "-e" "CARGO_TARGET_DIR=/opt/rustwide/target" "-e" "CARGO_INCREMENTAL=0" "-e" "RUST_BACKTRACE=full" "-e" "RUSTFLAGS=--cap-lints=forbid" "-e" "CARGO_HOME=/opt/rustwide/cargo-home" "-e" "RUSTUP_HOME=/opt/rustwide/rustup-home" "-w" "/opt/rustwide/workdir" "-m" "1610612736" "--user" "0:0" "--network" "none" "rustops/crates-build-env@sha256:d92eaeed33fa75130ca1ee6c8a01d1ffb62bac859dfdfb3450e3e5d1c0146529" "/opt/rustwide/cargo-home/bin/cargo" "+72f88fc4e9458f89516a0b8b0868f3718aec5b47" "check" "--frozen" "--all" "--all-targets" "--message-format=json", kill_on_drop: false }`
[INFO] [stdout] 1cf6cbabb6ec19e257500078bf7c261ce6ab666f5b097de26d3fcf29d4cadc06
[INFO] [stderr] WARNING: Your kernel does not support swap limit capabilities or the cgroup is not mounted. Memory limited without swap.
[INFO] running `Command { std: "docker" "start" "-a" "1cf6cbabb6ec19e257500078bf7c261ce6ab666f5b097de26d3fcf29d4cadc06", kill_on_drop: false }`
[INFO] [stderr]     Checking unicode-width v0.1.4
[INFO] [stderr]     Checking libc v0.2.33
[INFO] [stderr]     Checking bitflags v0.9.1
[INFO] [stderr]     Checking vec_map v0.8.0
[INFO] [stderr]     Checking ansi_term v0.9.0
[INFO] [stderr]     Checking strsim v0.6.0
[INFO] [stderr]    Compiling syn v0.11.11
[INFO] [stderr]     Checking textwrap v0.9.0
[INFO] [stderr]     Checking atty v0.2.3
[INFO] [stderr]     Checking clap v2.27.1
[INFO] [stderr]    Compiling structopt-derive v0.1.4
[INFO] [stderr]     Checking structopt v0.1.4
[INFO] [stderr]     Checking tabbed_text v0.1.0 (/opt/rustwide/workdir)
[INFO] [stdout] error[E0425]: cannot find value `a` in this scope
[INFO] [stdout]    --> src/main.rs:120:3
[INFO] [stdout]     |
[INFO] [stdout] 120 |         a
[INFO] [stdout]     |         ^ not found in this scope
[INFO] [stdout] 
[INFO] [stdout] 
[INFO] [stdout] error[E0599]: no method named `chars` found for struct `Stdin` in the current scope
[INFO] [stdout]   --> src/main.rs:45:24
[INFO] [stdout]    |
[INFO] [stdout] 45 |     let mut chars = input.chars();
[INFO] [stdout]    |                           ^^^^^ method not found in `Stdin`
[INFO] [stdout] 
[INFO] [stdout] 
[INFO] [stdout] error[E0599]: no method named `chars` found for struct `Stdin` in the current scope
[INFO] [stdout]   --> src/main.rs:45:24
[INFO] [stdout]    |
[INFO] [stdout] 45 |     let mut chars = input.chars();
[INFO] [stdout]    |                           ^^^^^ method not found in `Stdin`
[INFO] [stdout] 
[INFO] [stdout] 
[INFO] [stdout] error: aborting due to 2 previous errors
[INFO] [stdout] 
[INFO] [stdout] 
[INFO] [stdout] Some errors have detailed explanations: E0425, E0599.
[INFO] [stdout] 
[INFO] [stdout] For more information about an error, try `rustc --explain E0425`.
[INFO] [stdout] 
[INFO] [stderr] error: could not compile `tabbed_text`.
[INFO] [stderr] 
[INFO] [stderr] To learn more, run the command again with --verbose.
[INFO] [stderr] warning: build failed, waiting for other jobs to finish...
[INFO] [stdout] error: aborting due to previous error
[INFO] [stdout] 
[INFO] [stdout] 
[INFO] [stdout] For more information about this error, try `rustc --explain E0599`.
[INFO] [stdout] 
[INFO] [stderr] error: build failed
[INFO] running `Command { std: "docker" "inspect" "1cf6cbabb6ec19e257500078bf7c261ce6ab666f5b097de26d3fcf29d4cadc06", kill_on_drop: false }`
[INFO] running `Command { std: "docker" "rm" "-f" "1cf6cbabb6ec19e257500078bf7c261ce6ab666f5b097de26d3fcf29d4cadc06", kill_on_drop: false }`
[INFO] [stdout] 1cf6cbabb6ec19e257500078bf7c261ce6ab666f5b097de26d3fcf29d4cadc06
